eatest common divisor of 1378 and 50986.
1378
Calculate the greatest common divisor of 108148 and 76.
76
Calculate the greatest common factor of 103 and 233707.
103
Calculate the highest common factor of 42 and 17832.
6
Calculate the highest common divisor of 2 and 1091.
1
What is the highest common divisor of 649410 and 10?
10
What is the greatest common divisor of 380 and 152608?
76
Calculate the highest common divisor of 109812 and 492.
12
Calculate the greatest common divisor of 27015 and 1215.
15
What is the greatest common divisor of 484 and 2288?
44
What is the highest common divisor of 4934222 and 278?
278
Calculate the greatest common factor of 23832 and 846.
18
Calculate the highest common factor of 6 and 220528.
2
What is the highest common factor of 20923 and 9943?
61
Calculate the highest common factor of 161356 and 104.
52
What is the greatest common factor of 1375573 and 1389?
463
Calculate the highest common factor of 3060 and 1170.
90
Calculate the highest common divisor of 213 and 152863.
71
What is the highest common factor of 28 and 29953?
7
Calculate the greatest common divisor of 31073 and 299.
23
What is the greatest common divisor of 120 and 59630?
10
Calculate the highest common factor of 22 and 1786466.
22
Calculate the greatest common factor of 9657 and 153.
9
Calculate the greatest common divisor of 79 and 8.
1
What is the greatest common divisor of 77216 and 76?
76
What is the highest common factor of 1404 and 14976?
468
Calculate the greatest common factor of 4000 and 32.
32
Calculate the greatest common divisor of 814788 and 1404.
468
Calculate the greatest common divisor of 564 and 90052.
188
Calculate the greatest common factor of 4290 and 660.
330
Calculate the greatest common factor of 229501 and 514.
257
Calculate the greatest common factor of 174205 and 10.
5
What is the highest common factor of 12856 and 3?
1
What is the greatest common divisor of 102 and 145608?
6
What is the highest common factor of 4331 and 244?
61
What is the highest common factor of 169 and 260767?
169
Calculate the highest common factor of 63 and 12061.
7
Calculate the greatest common divisor of 4248 and 3096.
72
What is the highest common factor of 57353 and 2407?
83
What is the highest common factor of 1286481 and 21?
21
What is the highest common factor of 1747655 and 1196?
299
What is the highest common factor of 84714 and 210?
42
Calculate the highest common factor of 319 and 51823.
29
What is the highest common factor of 193536 and 728?
56
Calculate the highest common divisor of 16 and 2110832.
16
What is the highest common divisor of 327425 and 300?
25
What is the highest common factor of 3091371 and 87?
87
What is the highest common factor of 108 and 455472?
36
Calculate the highest common factor of 154 and 257664.
22
Calculate the greatest common divisor of 611 and 312973.
47
What is the highest common divisor of 4067018 and 116?
58
Calculate the highest common factor of 6634 and 9630.
214
What is the greatest common divisor of 117 and 37154?
13
Calculate the highest common divisor of 5863 and 1936.
11
Calculate the greatest common factor of 49 and 15869.
7
Calculate the highest common divisor of 588 and 7008.
12
Calculate the greatest common divisor of 16485 and 231.
21
Calculate the highest common factor of 6237 and 357.
21
What is the highest common divisor of 74371 and 33?
11
Calculate the greatest common divisor of 121 and 1040017.
11
Calculate the greatest common factor of 1188 and 341.
11
What is the highest common factor of 120561 and 7?
7
Calculate the highest common divisor of 1392 and 848.
16
Calculate the greatest common factor of 4 and 5956.
4
What is the greatest common divisor of 4628 and 26156?
52
Calculate the greatest common factor of 6682 and 13442.
26
What is the greatest common factor of 77248 and 17408?
1088
What is the highest common factor of 25 and 2103625?
25
Calculate the highest common factor of 370 and 3034.
74
Calculate the highest common factor of 1664 and 14404.
52
What is the greatest common divisor of 606 and 4248?
6
What is the greatest common divisor of 109050 and 3450?
150
What is the highest common divisor of 310464 and 66?
66
What is the highest common divisor of 385 and 53984?
7
Calculate the highest common divisor of 818667 and 13122.
729
What is the greatest common factor of 85 and 4175?
5
Calculate the greatest common divisor of 6 and 164400.
6
What is the highest common factor of 115 and 4420715?
115
Calculate the greatest common factor of 31779 and 382311.
963
What is the greatest common factor of 106812 and 120?
12
What is the highest common divisor of 1000 and 338875?
125
Calculate the greatest common factor of 3277 and 10735.
113
Calculate the highest common divisor of 6042 and 1801523.
1007
Calculate the highest common divisor of 91992 and 36.
12
What is the greatest common factor of 536 and 72?
8
What is the highest common factor of 6288 and 134930?
262
What is the highest common divisor of 21150 and 200?
50
What is the greatest common divisor of 21 and 47033?
7
What is the greatest common divisor of 9207 and 1085?
31
Calculate the highest common factor of 7298564 and 364.
364
What is the greatest common divisor of 10 and 16490?
10
Calculate the highest common divisor of 8856 and 4797.
369
What is the greatest common factor of 1315 and 28404?
263
Calculate the highest common divisor of 1504 and 6439.
47
What is the highest common divisor of 14728 and 1008?
56
What is the highest common divisor of 60 and 277710?
30
What is the greatest common factor of 4095 and 240?
15
What is the highest common divisor of 18066 and 6?
6
What is the greatest common divisor of 47232 and 30832?
656
What is the greatest common factor of 107955 and 792?
9
What is the highest common factor of 41991 and 51?
3
What is the highest common factor of 7600 and 836?
76
Calculate the greatest common factor of 58212 and 2016.
252
Calculate the greatest common divisor of 3317 and 2914.
31
What is the greatest common divisor of 174570 and 11132?
506
What is the highest common divisor of 174023 and 303?
101
Calculate the greatest common divisor of 40305 and 75.
15
Calculate the greatest common divisor of 124 and 100.
4
Calculate the greatest common factor of 111 and 22385.
37
What is the greatest common divisor of 96 and 3786768?
48
What is the greatest common divisor of 28 and 21378?
14
What is the greatest common factor of 3603315 and 1374?
687
Calculate the greatest common factor of 2805 and 132000.
165
Calculate the greatest common divisor of 17488 and 32.
16
Calculate the highest common factor of 375102 and 458.
458
What is the highest common factor of 48360 and 78?
78
What is the greatest common factor of 57 and 9?
3
Calculate the highest common factor of 411687 and 894.
447
Calculate the highest common factor of 34917 and 10509.
339
Calculate the greatest common factor of 363 and 52998.
363
Calculate the greatest common divisor of 88360 and 200.
40
Calculate the highest common factor of 132906 and 2244.
102
Calculate the greatest common divisor of 3157 and 99.
11
Calculate the highest common factor of 32 and 362.
2
Calculate the greatest common divisor of 304 and 11056.
16
What is the highest common divisor of 59220 and 9765?
315
What is the greatest common factor of 672 and 626346?
42
What is the highest common divisor of 61 and 2857?
1
Calculate the highest common factor of 559 and 16942.
43
Calculate the greatest common divisor of 39204 and 11.
11
What is the highest common divisor of 146757 and 852?
213
Calculate the greatest common divisor of 664 and 209741.
83
Calculate the greatest common factor of 7888 and 80098.
58
What is the highest common divisor of 732 and 113948?
244
Calculate the highest common divisor of 836750 and 40.
10
Calculate the greatest common factor of 17 and 28373.
17
Calculate the greatest common divisor of 10 and 16295.
5
Calculate the greatest common divisor of 3248 and 4984.
56
What is the greatest common factor of 796 and 6103330?
398
What is the greatest common factor of 67007 and 185?
37
What is the highest common factor of 80276 and 1952?
244
Calculate the greatest common divisor of 14164 and 12.
4
Calculate the greatest common factor of 115227 and 60543.
1953
What 